rime factors of g(2)?
2, 37
Let x = 7 - 8. Let i be -1 + 12/3 + x. Suppose -i*u - 2*u + k + 27 = 0, 4*u = -5*k + 57. List the prime factors of u.
2
Let s(a) = -a + 1. Let v be s(-3). Suppose -d + v*r = -3*d + 28, 2*d + 2*r = 30. What are the prime factors of d?
2
Suppose -3*i = -i + 12. Let m be (4/(-2))/(4/i). Suppose 4*k - 28 = 2*n - 3*n, -12 = -m*k. List the prime factors of n.
2, 3
Let q be (-8)/12 + 546/9. Let i = q - 40. List the prime factors of i.
2, 5
List the prime factors of 207/5 + (-45)/(-75).
2, 3, 7
Let k be 4*(-9)/24*2. Let x(g) = g**2 - 1. What are the prime factors of x(k)?
2
Suppose q - 8 + 4 = 0. Let p(c) = -c**3 + 5*c**2 + c - 5. List the prime factors of p(q).
3, 5
Suppose 0 = 5*q + 4*c + 24, -2*q - 14 = 5*c - 1. List the prime factors of 2*((-54)/q + 2).
31
Suppose 0 = 5*f - d + 4*d - 637, 4*f + d - 511 = 0. Suppose 4*a - 2*n - f = 0, a + 5*n - 4 = 6. List the prime factors of a.
2, 3, 5
Suppose -4*j + 0*j = -8. Suppose -j*l - 44 = -3*v + 44, -5*l - 85 = -3*v. List the prime factors of v.
2, 3, 5
Let y be -2*4/8 + 3. List the prime factors of 6 + 1 + y - -3.
2, 3
Let v(q) = -q**2 + 11*q + 24. What are the prime factors of v(12)?
2, 3
Suppose 0 = -5*v + v + 12. Let z be (-2*v/1)/(-2). Suppose 0 = -5*w - 5*o + 65, z*o - 41 = -4*w + 7. List the prime factors of w.
3
Let r(k) = 74*k**3 - k + 2. What are the prime factors of r(1)?
3, 5
Let s be 27*1/(2 + -1). Let d(t) = -t**3 + 2*t**2 - 3*t + 1. Let r be d(3). Let x = r + s. What are the prime factors of x?
2, 5
Let q(t) = -t**2 + 11*t. Let v be q(12). Let w(j) = j**2 + 10*j - 10. What are the prime factors of w(v)?
2, 7
Let b be (-6 - -3)/((-9)/(-42)). Let r = b + 25. List the prime factors of r.
11
Suppose -277 = -2*v - 5*o - 78, 0 = 5*v + o - 555. List the prime factors of v.
2, 7
Let f(d) = -96*d**3 - d**2. Let p be f(-1). Suppose -2*l = -s - 45, 0*s = -5*l - s + p. Suppose t + 4*m + 8 = 0, 4*t + l = -m + 63. List the prime factors of t.
2, 3
Suppose 6 = -2*h, -3*h + 122 + 517 = 3*t. What are the prime factors of t?
2, 3
Let p(t) = -t**3 - t**2 - t + 4. Let y be 2 - 2/2 - 4. What are the prime factors of p(y)?
5
Let c = -54 - -76. List the prime factors of c.
2, 11
Suppose 10*b = 5*b + 300. Let z(s) = -s + 2. Let n be z(-3). Suppose n*d - b = d. List the prime factors of d.
3, 5
Suppose -3*x + 4*f = -24, f = 2*f + 3. Suppose 0 = -x*b + 3*b + 1, v = -2*b + 6. List the prime factors of v.
2
List the prime factors of (-1 - 3*-2) + -3.
2
Let a(x) = 5*x + 2. List the prime factors of a(3).
17
Let k = 42 + -30. What are the prime factors of k?
2, 3
Suppose -3*u = -3*c + 867, 5*c + 2*u - 1421 = u. What are the prime factors of c?
3, 5, 19
Suppose -3*z + z + 11 = -c, -57 = -4*z - 5*c. Suppose -z*h + 3*h = f + 10, -2*f + 13 = -h. List the prime factors of f.
5
What are the prime factors of (-20)/50 - (-2)/((-10)/(-47))?
3
Suppose 5*u - u - 4*p = 364, 0 = 5*p - 5. Let g = u - 42. List the prime factors of g.
2, 5
Let o = 2 + -15. Let h = o + 22. List the prime factors of h.
3
Let i be (-1)/4 + (-3)/4. Let p be (-17)/i - 4/(-4). List the prime factors of (p/(-15))/((-4)/30).
3
List the prime factors of ((-474)/18)/((-4)/6)*2.
79
Let n(k) = k**2 + 5*k - 8. What are the prime factors of n(-13)?
2, 3
Let x = 1 - -31. What are the prime factors of 15/10*x/6?
2
List the prime factors of (-6)/27 + (-119)/(-9).
13
Let w(a) = -2*a - 1. Let r be w(-3). Let p = -3 + r. Suppose 11 - p = z. List the prime factors of z.
3
Let w(u) = -u**3 - 6*u**2 - 4*u + 7. Let d be w(-5). Let i(y) = 5*y**2 - y + 2. List the prime factors of i(d).
2, 5
Suppose -y + k = 3*k - 89, 0 = 2*y - 5*k - 142. What are the prime factors of y?
3
Suppose 0 = -3*f + 16 + 32. Let c = f - 11. Suppose -5*u - 40 = -c*m, 4*m - 14 = u + 21. List the prime factors of m.
3
Let d be ((-20)/6)/((-2)/3). Suppose -t + 0 = 3*z - 5, d*t = -z + 11. List the prime factors of 3*-3*(t - 3).
3
Suppose -5*q + 687 - 262 = 0. List the prime factors of q.
5, 17
Let c(b) = b**2 + 15*b - 21. What are the prime factors of c(-23)?
163
Suppose -5*b = -4*q - 8, -5*q + b - 6*b + 35 = 0. Suppose -21 = i - q*i + y, i + y = 3. List the prime factors of i.
2
Let x be (2/4)/(2/72). Let f(d) = d**2 - 2*d - 10. Let c be f(8). Let q = c - x. List the prime factors of q.
2, 5
Let x = 6 + -4. Suppose 0 = 2*n + x*n - 120. List the prime factors of n.
2, 3, 5
Suppose -6*y + 14 = -4*y. List the prime factors of y.
7
What are the prime factors of 14/21*(1 + 86)?
2, 29
Let p(c) = c + 2. Let q be p(0). Suppose q*b - 7 = b. What are the prime factors of (-1)/2 - b/(-2)?
3
Let h = -3 + 4. Let s = 4 + h. Suppose -2*i + 7 = -s. What are the prime factors of i?
2, 3
Suppose 4*w + 46 - 134 = 0. What are the prime factors of w?
2, 11
List the prime factors of (3/6)/(0 + (-1)/(-46)).
23
Suppose 4*i - 1325 = -i - 5*w, -i + 269 = 3*w. What are the prime factors of i?
263
Suppose 4*f = 38 - 6. Suppose -2*h + s = h - 20, 0 = -3*h + 4*s + f. What are the prime factors of h?
2
Let w(z) = z**2 - 5*z - 1. Let r(t) = -2*t**2 + 6*t + 2. Let i(d) = -2*r(d) - 3*w(d). Let q be i(-4). Suppose q*j = -1 + 28. What are the prime factors of j?
3
Let g(u) = 6*u**2 - 3*u. Let i = -20 + 22. What are the prime factors of g(i)?
2, 3
Let c = 3 + -1. Suppose 86 = 5*y - 4*m + c*m, 3*y - 63 = 5*m. Suppose 0*s = 4*s - y. What are the prime factors of s?
2
Let w(i) = i**2 + 2. Let v be 6*(-3 + (-18)/(-4)). Suppose -4*o = -o - v. List the prime factors of w(o).
11
Let k(w) = w. Let x(z) = -3*z - 3. Let i(u) = 12*k(u) + x(u). Let s be i(6). Suppose 16 = -5*q + s. List the prime factors of q.
7
Let j = 12 + -3. Let i(y) = -y + 2. Let v be i(j). Let w = v + 10. What are the prime factors of w?
3
Let o = 1 + -1. Suppose 11 = -p + 3*p - b, -3*b + 3 = o. List the prime factors of p.
2, 3
Suppose -12 = 3*t - 2*t. List the prime factors of -2*(-3)/t*-46.
23
Let g(i) = i**3 + 4*i**2 + 2*i + 3. Let h(n) = -n**2 + 2. Let m be h(2). List the prime factors of g(m).
7
What are the prime factors of (-27)/(-2) + (-8)/16?
13
Let c be (-5)/((-10)/24) + 0. Suppose 2*q = 2*g - 4, 2*g - c = -2*q - 0*g. What are the prime factors of q?
2
Let m = 150 - 85. What are the prime factors of m?
5, 13
Let k = -224 - -500. What are the prime factors of k?
2, 3, 23
List the prime factors of 486/45*(-10)/(-3).
2, 3
Let o = -13 + 18. Suppose -2*d + 4*r = -3 - 67, 53 = d + 4*r. Suppose -o*j - d = -3*z, -3*j + 20 = z - 3. List the prime factors of z.
17
Let u(x) = -x**3 - 6*x**2 - 4. Let p be u(-6). What are the prime factors of (-8)/(4 + 17/p)?
2
Let p(n) = n**3 + 6*n**2 - 6*n + 8. Let r be p(-7). Let w = r - -1. What are the prime factors of (3/6)/(w/24)?
2, 3
Let j(n) = -2*n**2 - 39*n - 18. List the prime factors of j(-12).
2, 3
What are the prime factors of 0 - (154/(-1) + 8 + -10)?
2, 3, 13
Suppose -5*f - 196 + 56 = 0. Let z = 43 + f. What are the prime factors of z?
3, 5
Suppose -4*h + k + 15 = 0, -5*h + 3*k + 24 = -0*k. Suppose 1 = s + h. What are the prime factors of (-6)/(-3 - s) + 2?
2
Let b(q) be the third derivative of 13*q**5/60 + q**4/24 - 22*q**2. Let z(a) = -a + 1. Let i be z(2). List the prime factors of b(i).
2, 3
Suppose -i + 3 = -0. Suppose 3*u = g + 2*g - 9, 5*u + i*g = 9. Suppose u = -3*s + 5*x + 6, -3*x + 5*x = 0. What are the prime factors of s?
2
Suppose 4*w = 4, o - 6 = 5*w + 2. List the prime factors of o.
13
Suppose 0 = k - 2*k - 4*o + 10, -5*k + o = -155. What are the prime factors of k?
2, 3, 5
What are the prime factors of 4/(2*4/80)?
2, 5
Suppose 2*c + 0*c - 6 = 0. Suppose -c*i = 6, -a + 3*i = i - 15. List the prime factors of a.
11
Let i = 0 + -3. Let s(k) be the second derivative of -k**5/20 - k**4/6 - 2*k**2 + k. What are the prime factors of s(i)?
5
What are the prime factors of (2/(-6))/((-6)/522)?
29
Let x(f) = -f**3 + 12*f**2 - 10*f - 6. List the prime factors of x(9).
3, 7
Let x(i) = i**2 + 6*i + 8. Let w be x(-6). Suppose -5*o - w = -33. What are the prime factors of o?
5
Let a be -5 + 2/1 + 7. Suppose -3*g + a*c = -g - 34, 2*c - 145 = -5*g. What are the prime factors of g?
3
Let o(s) = -4 - 3 - 9 + 4*s + 3. Let t be (-1)/((2/9)/(-2)). List the prime factors of o(t).
23
Let i = 44 - 14. List the prime factors of 20/i*(-33)/(-1).
2, 11
Let u(o) = 14*o**2. Let m(p) = -p - 2. Let h be m(0). Let l be 